{"id":2825,"date":"2016-03-13T20:59:28","date_gmt":"2016-03-13T19:59:28","guid":{"rendered":"https:\/\/bruxelles-pantheres.be\/wp-content\/uploads\/2016\/03\/Timbre-\u00e9mis-en-1976-\u00e0-loccasion-du-centenaire-sur-lequel-figure-le-prince-Philippe.jpg"},"modified":"2016-03-13T20:59:28","modified_gmt":"2016-03-13T19:59:28","slug":"timbre-emis-en-1976-a-loccasion-du-centenaire-sur-lequel-figure-le-prince-philippe","status":"inherit","type":"attachment","link":"https:\/\/bruxelles-pantheres.be\/?attachment_id=2825#main","title":{"rendered":"Timbre \u00e9mis en 1976 \u00e0 l&rsquo;occasion du centenaire sur lequel figure le prince Philippe"},"author":1,"featured_media":0,"comment_status":"open","ping_status":"closed","template":"","meta":[],"class_list":["post-2825","attachment","type-attachment","status-inherit","hentry"],"description":{"rendered":"<p class=\"attachment\"><a href='https:\/\/bruxelles-pantheres.be\/wp-content\/uploads\/2016\/03\/Timbre-\u00e9mis-en-1976-\u00e0-loccasion-du-centenaire-sur-lequel-figure-le-prince-Philippe.jpg'><img decoding=\"async\" width=\"217\" height=\"300\" src=\"https:\/\/bruxelles-pantheres.be\/wp-content\/uploads\/2016\/03\/Timbre-\u00e9mis-en-1976-\u00e0-loccasion-du-centenaire-sur-lequel-figure-le-prince-Philippe-217x300.jpg\" class=\"attachment-medium size-medium\" alt=\"\" srcset=\"https:\/\/bruxelles-pantheres.be\/wp-content\/uploads\/2016\/03\/Timbre-\u00e9mis-en-1976-\u00e0-loccasion-du-centenaire-sur-lequel-figure-le-prince-Philippe-217x300.jpg 217w, https:\/\/bruxelles-pantheres.be\/wp-content\/uploads\/2016\/03\/Timbre-\u00e9mis-en-1976-\u00e0-loccasion-du-centenaire-sur-lequel-figure-le-prince-Philippe.jpg 326w\" sizes=\"(max-width: 217px) 100vw, 217px\" \/><\/a><\/p>\n"},"caption":{"rendered":""},"alt_text":"","media_type":"image","mime_type":"image\/jpeg","media_details":{"width":326,"height":451,"file":"2016\/03\/Timbre-\u00e9mis-en-1976-\u00e0-loccasion-du-centenaire-sur-lequel-figure-le-prince-Philippe.jpg","sizes":{"thumbnail":{"file":"Timbre-\u00e9mis-en-1976-\u00e0-loccasion-du-centenaire-sur-lequel-figure-le-prince-Philippe-150x150.jpg","width":150,"height":150,"mime_type":"image\/jpeg","source_url":"https:\/\/bruxelles-pantheres.be\/wp-content\/uploads\/2016\/03\/Timbre-\u00e9mis-en-1976-\u00e0-loccasion-du-centenaire-sur-lequel-figure-le-prince-Philippe-150x150.jpg"},"medium":{"file":"Timbre-\u00e9mis-en-1976-\u00e0-loccasion-du-centenaire-sur-lequel-figure-le-prince-Philippe-217x300.jpg","width":217,"height":300,"mime_type":"image\/jpeg","source_url":"https:\/\/bruxelles-pantheres.be\/wp-content\/uploads\/2016\/03\/Timbre-\u00e9mis-en-1976-\u00e0-loccasion-du-centenaire-sur-lequel-figure-le-prince-Philippe-217x300.jpg"},"full":{"file":"Timbre-\u00e9mis-en-1976-\u00e0-loccasion-du-centenaire-sur-lequel-figure-le-prince-Philippe.jpg","width":326,"height":451,"mime_type":"image\/jpeg","source_url":"https:\/\/bruxelles-pantheres.be\/wp-content\/uploads\/2016\/03\/Timbre-\u00e9mis-en-1976-\u00e0-loccasion-du-centenaire-sur-lequel-figure-le-prince-Philippe.jpg"}},"image_meta":{"aperture":"0","credit":"","camera":"","caption":"","created_timestamp":"0","copyright":"","focal_length":"0","iso":"0","shutter_speed":"0","title":"","orientation":"0","keywords":[]}},"post":2822,"source_url":"https:\/\/bruxelles-pantheres.be\/wp-content\/uploads\/2016\/03\/Timbre-\u00e9mis-en-1976-\u00e0-loccasion-du-centenaire-sur-lequel-figure-le-prince-Philippe.jpg","_links":{"self":[{"href":"https:\/\/bruxelles-pantheres.be\/index.php?rest_route=\/wp\/v2\/media\/2825","targetHints":{"allow":["GET"]}}],"collection":[{"href":"https:\/\/bruxelles-pantheres.be\/index.php?rest_route=\/wp\/v2\/media"}],"about":[{"href":"https:\/\/bruxelles-pantheres.be\/index.php?rest_route=\/wp\/v2\/types\/attachment"}],"author":[{"embeddable":true,"href":"https:\/\/bruxelles-pantheres.be\/index.php?rest_route=\/wp\/v2\/users\/1"}],"replies":[{"embeddable":true,"href":"https:\/\/bruxelles-pantheres.be\/index.php?rest_route=%2Fwp%2Fv2%2Fcomments&post=2825"}],"wp:attached-to":[{"embeddable":true,"post_type":"post","id":2822,"href":"https:\/\/bruxelles-pantheres.be\/index.php?rest_route=\/wp\/v2\/posts\/2822"}],"curies":[{"name":"wp","href":"https:\/\/api.w.org\/{rel}","templated":true}]}}

https://bruxelles-pantheres.be/wp-content/uploads/2016/03/Timbre-émis-en-1976-à-loccasion-du-centenaire-sur-lequel-figure-le-prince-Philippe.jpg

Timbre émis en 1976 à l&rsquo;occasion du centenaire sur lequel figure le prince Philippe

<p class="attachment"><a href='https://bruxelles-pantheres.be/wp-content/uploads/2016/03/Timbre-émis-en-1976-à-loccasion-du-centenaire-sur-lequel-figure-le-prince-Philippe.jpg'><img decoding="async" width="217" height="300" src="https://bruxelles-pantheres.be/wp-content/uploads/2016/03/Timbre-émis-en-1976-à-loccasion-du-centenaire-sur-lequel-figure-le-prince-Philippe-217x300.jpg" class="attachment-medium size-medium" alt="" srcset="https://bruxelles-pantheres.be/wp-content/uploads/2016/03/Timbre-émis-en-1976-à-loccasion-du-centenaire-sur-lequel-figure-le-prince-Philippe-217x300.jpg 217w, https://bruxelles-pantheres.be/wp-content/uploads/2016/03/Timbre-émis-en-1976-à-loccasion-du-centenaire-sur-lequel-figure-le-prince-Philippe.jpg 326w" sizes="(max-width: 217px) 100vw, 217px" /></a></p>

2016/03/Timbre-émis-en-1976-à-loccasion-du-centenaire-sur-lequel-figure-le-prince-Philippe.jpg

Timbre-émis-en-1976-à-loccasion-du-centenaire-sur-lequel-figure-le-prince-Philippe-150x150.jpg

https://bruxelles-pantheres.be/wp-content/uploads/2016/03/Timbre-émis-en-1976-à-loccasion-du-centenaire-sur-lequel-figure-le-prince-Philippe-150x150.jpg

Timbre-émis-en-1976-à-loccasion-du-centenaire-sur-lequel-figure-le-prince-Philippe-217x300.jpg

https://bruxelles-pantheres.be/wp-content/uploads/2016/03/Timbre-émis-en-1976-à-loccasion-du-centenaire-sur-lequel-figure-le-prince-Philippe-217x300.jpg

Timbre-émis-en-1976-à-loccasion-du-centenaire-sur-lequel-figure-le-prince-Philippe.jpg
