{"id":12,"date":"2013-11-02T23:40:55","date_gmt":"2013-11-02T22:40:55","guid":{"rendered":"https:\/\/bruxelles-pantheres.be\/?page_id=12"},"modified":"2026-04-19T16:11:48","modified_gmt":"2026-04-19T15:11:48","slug":"qui-suis-je","status":"publish","type":"page","link":"https:\/\/bruxelles-pantheres.be\/?page_id=12","title":{"rendered":"Qui sommes-nous ?"},"content":{"rendered":"<h3 class=\"post-title entry-title\"><!-- [if gte mso 9]><xml>\n<w:worddocument>\n<w:view>Normal<\/w:view>\n<w:zoom>0<\/w:zoom>\n<w:trackmoves><\/w:trackmoves>\n<w:trackformatting><\/w:trackformatting>\n<w:hyphenationzone>21<\/w:hyphenationzone>\n<w:punctuationkerning><\/w:punctuationkerning>\n<w:validateagainstschemas><\/w:validateagainstschemas>\n<w:saveifxmlinvalid>false<\/w:saveifxmlinvalid>\n<w:ignoremixedcontent>false<\/w:ignoremixedcontent>\n<w:alwaysshowplaceholdertext>false<\/w:alwaysshowplaceholdertext>\n<w:donotpromoteqf><\/w:donotpromoteqf>\n<w:lidthemeother>FR-BE<\/w:lidthemeother>\n<w:lidthemeasian>X-NONE<\/w:lidthemeasian>\n<w:lidthemecomplexscript>X-NONE<\/w:lidthemecomplexscript>\n<w:compatibility>\n<w:breakwrappedtables><\/w:breakwrappedtables>\n<w:snaptogridincell><\/w:snaptogridincell>\n<w:wraptextwithpunct><\/w:wraptextwithpunct>\n<w:useasianbreakrules><\/w:useasianbreakrules>\n<w:dontgrowautofit><\/w:dontgrowautofit>\n<w:splitpgbreakandparamark><\/w:splitpgbreakandparamark>\n<w:dontvertaligncellwithsp><\/w:dontvertaligncellwithsp>\n<w:dontbreakconstrainedforcedtables><\/w:dontbreakconstrainedforcedtables>\n<w:dontvertalignintxbx><\/w:dontvertalignintxbx>\n<w:word11kerningpairs><\/w:word11kerningpairs>\n<w:cachedcolbalance><\/w:cachedcolbalance>\n<\/w:compatibility>\n<m:mathpr>\n<m:mathfont m:val=\"Cambria Math\"><\/m:mathfont>\n<m:brkbin m:val=\"before\"><\/m:brkbin>\n<m:brkbinsub m:val=\"&#45;-\"><\/m:brkbinsub>\n<m:smallfrac m:val=\"off\"><\/m:smallfrac>\n<m:dispdef><\/m:dispdef>\n<m:lmargin m:val=\"0\"><\/m:lmargin>\n<m:rmargin m:val=\"0\"><\/m:rmargin>\n<m:defjc m:val=\"centerGroup\"><\/m:defjc>\n<m:wrapindent m:val=\"1440\"><\/m:wrapindent>\n<m:intlim m:val=\"subSup\"><\/m:intlim>\n<m:narylim m:val=\"undOvr\"><\/m:narylim>\n<\/m:mathpr><\/w:worddocument>\n<\/xml>< ![endif]--><\/h3>\n<p>Bruxelles Panth\u00e8res se veut un espace de r\u00e9flexion autonome pour toutes celles et tous ceux qui souhaitent s\u2019engager dans le combat contre toutes les in\u00e9galit\u00e9s et plus particuli\u00e8rement contre celles qui ont une substance raciale. Les in\u00e9galit\u00e9s raciales qui cantonnent les immigr\u00e9s et leur descendance \u00e0 un statut analogue \u00e0 celui des indig\u00e8nes dans les anciennes colonies\u00a0: invisibilisation politique, stigmatisations politique et m\u00e9diatique de nos cultures et religions, contr\u00f4les au faci\u00e8s et brutalit\u00e9s polici\u00e8res, surrepr\u00e9sentation dans la population carc\u00e9rale, sexisme, discriminations \u00e0 l\u2019emploi, au logement, aux loisirs, s\u00e9gr\u00e9gation scolaire, r\u00e9pression de l\u2019immigration et des habitants des quartiers populaires de Bruxelles. Liste non exhaustive. Plus globalement, nous luttons contre toutes les formes de domination imp\u00e9riale et coloniale, sioniste y comprise, qui fondent et perp\u00e9tuent la supr\u00e9matie blanche \u00e0 l\u2019\u00e9chelle internationale.<\/p>\n<p>Nous travaillons \u00e0 b\u00e2tir la communaut\u00e9 politique de toutes celles et tous ceux qui refusent l\u2019occultation des dominations et des oppressions inscrites dans l\u2019histoire, l\u2019id\u00e9ologie et les pratiques des institutions \u00e9tatiques des pays occidentaux. Nous affirmons que c\u2019est en rendant hommage aux luttes de r\u00e9sistance ant\u00e9rieures et pr\u00e9sentes, que c\u2019est en nous en inspirant, que nous parviendrons \u00e0 un avenir meilleur. Cette inspiration ne peut passer que par un enseignement objectif de l\u2019histoire de ces dominations, oppressions et r\u00e9sistances.<\/p>\n<p>Notre objectif prioritaire est de cr\u00e9er l\u2019union, dans une dynamique antiraciste et d\u00e9coloniale, de l\u2019ensemble des espaces de r\u00e9sistance que se donnent les habitantes et habitants qui subissent le racisme d\u2019Etat et toute autre forme d\u2019oppression qu\u2019elles et ils subissent, que ce soit \u00e0 cause de leur apparence, de leur croyance ou de leur orientation sexuelle ainsi que celles et ceux des quartiers populaires de Bruxelles.<\/p>\n<p>A plus long terme, Bruxelles Panth\u00e8res a pour objectif de pousser les institutions \u00e0 prendre un virage radicalement d\u00e9colonial dans tous leurs domaines d\u2019intervention, de l\u2019\u00e9cole \u00e0 la police et de la gestion des quartiers aux relations internationales. Nous ne nous interdisons aucune forme d\u2019action, dans le cadre de la Loi, pour atteindre nos objectifs.<\/p>\n<h4><strong>\u00ab\u00a0La panth\u00e8re a \u00e9t\u00e9 choisie comme embl\u00e8me parce que c\u2019est un animal noir et magnifique qui n\u2019attaque pas mais se d\u00e9fend f\u00e9rocement.\u00a0\u00bb<\/strong><\/h4>\n<p>Pour nos soutenir:<\/p>\n<p>Virement : BE50 0003 8318 0918 au nom de Nordine Saidi &#8211; Communication: Soutien Bruxelles Panth\u00e8res<\/p>\n<p>Lien PayPal : paypal.me\/bruxellesp<\/p>\n<p><a href=\"https:\/\/bruxelles-pantheres.be\/wp-content\/uploads\/2013\/11\/1455946_679404588750114_861688726_n.jpg\"><img decoding=\"async\" class=\"size-full wp-image-1267 alignleft\" src=\"https:\/\/bruxelles-pantheres.be\/wp-content\/uploads\/2013\/11\/1455946_679404588750114_861688726_n.jpg\" alt=\"1455946_679404588750114_861688726_n\" width=\"640\" height=\"415\" srcset=\"https:\/\/bruxelles-pantheres.be\/wp-content\/uploads\/2013\/11\/1455946_679404588750114_861688726_n.jpg 640w, https:\/\/bruxelles-pantheres.be\/wp-content\/uploads\/2013\/11\/1455946_679404588750114_861688726_n-300x195.jpg 300w\" sizes=\"(max-width: 640px) 100vw, 640px\" \/><\/a><\/p>\n<blockquote>\n<h3 class=\"post-title entry-title\" style=\"text-align: center;\"><\/h3>\n<p>&nbsp;<\/p>\n<p>&nbsp;<\/p>\n<p>&nbsp;<\/p><\/blockquote>\n<p style=\"text-align: center;\"><strong>\u00a0<\/strong><\/p>\n<blockquote><p>Black-Panther Liberation School, 20 d\u00e9cembre 1969, San Francisco, Californie.<\/p>\n<p><!--more--><\/p>\n<h5 class=\"post-title entry-title\"><em>\u00ab Pour le colonis\u00e9, l&rsquo;objectivit\u00e9 est toujours dirig\u00e9e contre lui&#8230;\u00bb (Frantz Fanon)<\/em><\/h5>\n<\/blockquote>\n<p><iframe src=\"\/\/www.youtube.com\/embed\/_SemDSvIpmY\" width=\"420\" height=\"315\" frameborder=\"0\" allowfullscreen=\"allowfullscreen\"><\/iframe><\/p>\n<p><strong>Nordine Saidi<\/strong>, sur la Palestine, l\u2019\u00e9galit\u00e9 devant la pr\u00e9carit\u00e9, la discrimination, le colonialisme belge, \u2026<br \/>\nDur\u00e9e 7\u201930 min.<\/p>\n<p>&nbsp;<\/p>\n","protected":false},"excerpt":{"rendered":"<p>Bruxelles Panth\u00e8res se veut un espace de r\u00e9flexion autonome pour toutes celles et tous ceux qui souhaitent s\u2019engager dans le combat contre toutes les in\u00e9galit\u00e9s et plus particuli\u00e8rement contre celles qui ont une substance raciale. Les in\u00e9galit\u00e9s raciales qui cantonnent les immigr\u00e9s et leur descendance \u00e0 un statut analogue \u00e0 celui des indig\u00e8nes dans les &#8230; <a title=\"Qui sommes-nous ?\" class=\"read-more\" href=\"https:\/\/bruxelles-pantheres.be\/?page_id=12\" aria-label=\"En savoir plus sur Qui sommes-nous ?\">Lire la suite<\/a><\/p>\n","protected":false},"author":1,"featured_media":6717,"parent":0,"menu_order":0,"comment_status":"open","ping_status":"open","template":"","meta":{"footnotes":""},"class_list":["post-12","page","type-page","status-publish","has-post-thumbnail"],"_links":{"self":[{"href":"https:\/\/bruxelles-pantheres.be\/index.php?rest_route=\/wp\/v2\/pages\/12","targetHints":{"allow":["GET"]}}],"collection":[{"href":"https:\/\/bruxelles-pantheres.be\/index.php?rest_route=\/wp\/v2\/pages"}],"about":[{"href":"https:\/\/bruxelles-pantheres.be\/index.php?rest_route=\/wp\/v2\/types\/page"}],"author":[{"embeddable":true,"href":"https:\/\/bruxelles-pantheres.be\/index.php?rest_route=\/wp\/v2\/users\/1"}],"replies":[{"embeddable":true,"href":"https:\/\/bruxelles-pantheres.be\/index.php?rest_route=%2Fwp%2Fv2%2Fcomments&post=12"}],"version-history":[{"count":17,"href":"https:\/\/bruxelles-pantheres.be\/index.php?rest_route=\/wp\/v2\/pages\/12\/revisions"}],"predecessor-version":[{"id":6740,"href":"https:\/\/bruxelles-pantheres.be\/index.php?rest_route=\/wp\/v2\/pages\/12\/revisions\/6740"}],"wp:featuredmedia":[{"embeddable":true,"href":"https:\/\/bruxelles-pantheres.be\/index.php?rest_route=\/wp\/v2\/media\/6717"}],"wp:attachment":[{"href":"https:\/\/bruxelles-pantheres.be\/index.php?rest_route=%2Fwp%2Fv2%2Fmedia&parent=12"}],"curies":[{"name":"wp","href":"https:\/\/api.w.org\/{rel}","templated":true}]}}

<h3 class="post-title entry-title"><!-- [if gte mso 9]><xml>
<w:worddocument>
<w:view>Normal</w:view>
<w:zoom>0</w:zoom>
<w:trackmoves></w:trackmoves>
<w:trackformatting></w:trackformatting>
<w:hyphenationzone>21</w:hyphenationzone>
<w:punctuationkerning></w:punctuationkerning>
<w:validateagainstschemas></w:validateagainstschemas>
<w:saveifxmlinvalid>false</w:saveifxmlinvalid>
<w:ignoremixedcontent>false</w:ignoremixedcontent>
<w:alwaysshowplaceholdertext>false</w:alwaysshowplaceholdertext>
<w:donotpromoteqf></w:donotpromoteqf>
<w:lidthemeother>FR-BE</w:lidthemeother>
<w:lidthemeasian>X-NONE</w:lidthemeasian>
<w:lidthemecomplexscript>X-NONE</w:lidthemecomplexscript>
<w:compatibility>
<w:breakwrappedtables></w:breakwrappedtables>
<w:snaptogridincell></w:snaptogridincell>
<w:wraptextwithpunct></w:wraptextwithpunct>
<w:useasianbreakrules></w:useasianbreakrules>
<w:dontgrowautofit></w:dontgrowautofit>
<w:splitpgbreakandparamark></w:splitpgbreakandparamark>
<w:dontvertaligncellwithsp></w:dontvertaligncellwithsp>
<w:dontbreakconstrainedforcedtables></w:dontbreakconstrainedforcedtables>
<w:dontvertalignintxbx></w:dontvertalignintxbx>
<w:word11kerningpairs></w:word11kerningpairs>
<w:cachedcolbalance></w:cachedcolbalance>
</w:compatibility>
<m:mathpr>
<m:mathfont m:val="Cambria Math"></m:mathfont>
<m:brkbin m:val="before"></m:brkbin>
<m:brkbinsub m:val="&#45;-"></m:brkbinsub>
<m:smallfrac m:val="off"></m:smallfrac>
<m:dispdef></m:dispdef>
<m:lmargin m:val="0"></m:lmargin>
<m:rmargin m:val="0"></m:rmargin>
<m:defjc m:val="centerGroup"></m:defjc>
<m:wrapindent m:val="1440"></m:wrapindent>
<m:intlim m:val="subSup"></m:intlim>
<m:narylim m:val="undOvr"></m:narylim>
</m:mathpr></w:worddocument>
</xml>< ![endif]--></h3>
<p>Bruxelles Panthères se veut un espace de réflexion autonome pour toutes celles et tous ceux qui souhaitent s’engager dans le combat contre toutes les inégalités et plus particulièrement contre celles qui ont une substance raciale. Les inégalités raciales qui cantonnent les immigrés et leur descendance à un statut analogue à celui des indigènes dans les anciennes colonies : invisibilisation politique, stigmatisations politique et médiatique de nos cultures et religions, contrôles au faciès et brutalités policières, surreprésentation dans la population carcérale, sexisme, discriminations à l’emploi, au logement, aux loisirs, ségrégation scolaire, répression de l’immigration et des habitants des quartiers populaires de Bruxelles. Liste non exhaustive. Plus globalement, nous luttons contre toutes les formes de domination impériale et coloniale, sioniste y comprise, qui fondent et perpétuent la suprématie blanche à l’échelle internationale.</p>
<p>Nous travaillons à bâtir la communauté politique de toutes celles et tous ceux qui refusent l’occultation des dominations et des oppressions inscrites dans l’histoire, l’idéologie et les pratiques des institutions étatiques des pays occidentaux. Nous affirmons que c’est en rendant hommage aux luttes de résistance antérieures et présentes, que c’est en nous en inspirant, que nous parviendrons à un avenir meilleur. Cette inspiration ne peut passer que par un enseignement objectif de l’histoire de ces dominations, oppressions et résistances.</p>
<p>Notre objectif prioritaire est de créer l’union, dans une dynamique antiraciste et décoloniale, de l’ensemble des espaces de résistance que se donnent les habitantes et habitants qui subissent le racisme d’Etat et toute autre forme d’oppression qu’elles et ils subissent, que ce soit à cause de leur apparence, de leur croyance ou de leur orientation sexuelle ainsi que celles et ceux des quartiers populaires de Bruxelles.</p>
<p>A plus long terme, Bruxelles Panthères a pour objectif de pousser les institutions à prendre un virage radicalement décolonial dans tous leurs domaines d’intervention, de l’école à la police et de la gestion des quartiers aux relations internationales. Nous ne nous interdisons aucune forme d’action, dans le cadre de la Loi, pour atteindre nos objectifs.</p>
<h4><strong>« La panthère a été choisie comme emblème parce que c’est un animal noir et magnifique qui n’attaque pas mais se défend férocement. »</strong></h4>
<p>Pour nos soutenir:</p>
<p>Virement : BE50 0003 8318 0918 au nom de Nordine Saidi &#8211; Communication: Soutien Bruxelles Panthères</p>
<p>Lien PayPal : paypal.me/bruxellesp</p>
<p><a href="https://bruxelles-pantheres.be/wp-content/uploads/2013/11/1455946_679404588750114_861688726_n.jpg"><img decoding="async" class="size-full wp-image-1267 alignleft" src="https://bruxelles-pantheres.be/wp-content/uploads/2013/11/1455946_679404588750114_861688726_n.jpg" alt="1455946_679404588750114_861688726_n" width="640" height="415" srcset="https://bruxelles-pantheres.be/wp-content/uploads/2013/11/1455946_679404588750114_861688726_n.jpg 640w, https://bruxelles-pantheres.be/wp-content/uploads/2013/11/1455946_679404588750114_861688726_n-300x195.jpg 300w" sizes="(max-width: 640px) 100vw, 640px" /></a></p>
<blockquote>
<h3 class="post-title entry-title" style="text-align: center;"></h3>
<p>&nbsp;</p>
<p>&nbsp;</p>
<p>&nbsp;</p></blockquote>
<p style="text-align: center;"><strong> </strong></p>
<blockquote><p>Black-Panther Liberation School, 20 décembre 1969, San Francisco, Californie.</p>
<p><!--more--></p>
<h5 class="post-title entry-title"><em>« Pour le colonisé, l&rsquo;objectivité est toujours dirigée contre lui&#8230;» (Frantz Fanon)</em></h5>
</blockquote>
<p><iframe src="//www.youtube.com/embed/_SemDSvIpmY" width="420" height="315" frameborder="0" allowfullscreen="allowfullscreen"></iframe></p>
<p><strong>Nordine Saidi</strong>, sur la Palestine, l’égalité devant la précarité, la discrimination, le colonialisme belge, …<br />
Durée 7’30 min.</p>
<p>&nbsp;</p>

<p>Bruxelles Panthères se veut un espace de réflexion autonome pour toutes celles et tous ceux qui souhaitent s’engager dans le combat contre toutes les inégalités et plus particulièrement contre celles qui ont une substance raciale. Les inégalités raciales qui cantonnent les immigrés et leur descendance à un statut analogue à celui des indigènes dans les &#8230; <a title="Qui sommes-nous ?" class="read-more" href="https://bruxelles-pantheres.be/?page_id=12" aria-label="En savoir plus sur Qui sommes-nous ?">Lire la suite</a></p>
